en i(1) is divided by g?
1
Let z be 36*(-4)/5*(-5 - 0). Suppose 44 = -5*d + z. Calculate the remainder when 35 is divided by d.
15
Let b = 49 - 27. Suppose -33 = -5*f - 0*g + g, -3*f + 15 = g. Suppose 3*p = f*p - 258. What is the remainder when p is divided by b?
20
Let p(s) = -6*s + 109. Calculate the remainder when (2/2)/(-1) - -50 is divided by p(14).
24
Suppose -3*x - 3*k + 32 = -2*x, 5*x = 5*k + 140. What is the remainder when 16549/325 - (-10)/125 is divided by x?
22
Let s(y) = y**3 - 8*y**2 + 4*y + 2. Let l be s(8). Let p = -30 + l. What is the remainder when 6 is divided by p?
2
Suppose -114 = -g - 4*g + 2*s, -4*g + 5*s + 98 = 0. Let h = -41 + 127. Calculate the remainder when h is divided by g.
20
Suppose 4 = 2*b - 4*s, 0 = 3*s + s + 12. What is the remainder when (3/(-9))/(b/396) is divided by 18?
15
Suppose -26*y + 90 = -17*y. Suppose 0 = y*r + 31 - 751. What is the remainder when r is divided by 25?
22
Let y(o) = 3*o - 27. Let r be (72/15)/(6/15). Let f(j) = -j**3 - 3*j**2 - 5*j - 2. Calculate the remainder when f(-4) is divided by y(r).
7
Let s be 4 + 16/(-4) + 2. Let m(b) = b**2 + 4*b + 1. What is the remainder when 23 is divided by m(s)?
10
Let t(v) = 4*v + 45. Let c be 1/(-3) - 437/57. What is the remainder when 49 is divided by t(c)?
10
Let v(o) = -2*o**3 - 34*o**2 + 13*o - 64. What is the remainder when v(-19) is divided by 18?
17
Let p = 13 - -29. Let i = p + -32. What is the remainder when (1 - 1) + 0 - -19 is divided by i?
9
Suppose -186 + 48 = -a. Let o = -131 + a. Calculate the remainder when 10 is divided by o.
3
Suppose -5*u = 47 - 577. Let v(g) = 4*g**2 - 21*g + 44. Calculate the remainder when u is divided by v(2).
16
Let h(v) = -v - 30. Let w be h(-18). Calculate the remainder when 58 is divided by (2/(w/(-10)))/(2/6).
3
Calculate the remainder when 48/32 - 2638/(-4) is divided by 9.
4
Suppose 4*s = -2*r + 54, -7*r + 5*r + 5*s + 27 = 0. Calculate the remainder when 606 is divided by r.
18
Let t(h) = -4*h + 3*h + 3*h - 4*h + 2. What is the remainder when 5 is divided by t(-1)?
1
Suppose 140 = 4*l + 4*d, -5*d - 38 + 114 = 2*l. What is the remainder when l is divided by 17?
16
Let y(a) = a**2 - 3*a + 7. Let n be y(5). Suppose -n = -2*j - o, -j = -2*j + 5*o + 3. What is the remainder when (-156)/(-6)*1/2 is divided by j?
5
Let h be (-21)/14*54/(-3). Suppose 5*s - h = -n - 3*n, -7 = -n - s. Let r(f) = -f**3 + 10*f**2 - 8*f - 4. Calculate the remainder when n is divided by r(9).
3
Suppose 5*h + 5*m - 5 = 0, 6*m - 13 = -5*h + 3*m. Let d = -5 + 4. What is the remainder when -2 + 4 - (d - 9) is divided by h?
2
Let i = 5 + 8. What is the remainder when -1 + 28 + 3 - -5 is divided by i?
9
Suppose 141 + 15 = 12*q. What is the remainder when 140 is divided by q?
10
Suppose -t - 2*t - f + 11 = 0, 3*f - 7 = 4*t. Suppose -3*h - 5*g = -364, 384 + 92 = 4*h + t*g. Calculate the remainder when h is divided by 24.
22
Suppose -3*n = 34*n - 7585. What is the remainder when n is divided by 42?
37
Let x(i) = 48*i**2 - i. Suppose w = 2*w - 50. Suppose 0 = m - 3*m + w. Calculate the remainder when x(-1) is divided by m.
24
What is the remainder when 142 is divided by (5 - (4 + 3)) + 76?
68
Let g(d) = 11*d - 12. Let a be g(2). Suppose 3*y - a = 20. What is the remainder when y is divided by 4?
2
Let t = -579 - -778. Calculate the remainder when t is divided by 20.
19
Let t = -6 + 8. Suppose t = u - 7. Calculate the remainder when u is divided by (-108)/(-32) - 11/(88/3).
0
Suppose -12*c + 11 = -11*c. Suppose 0 = 5*k - 154 - 61. Calculate the remainder when k is divided by c.
10
Let n = 918 - 912. What is the remainder when 120 is divided by n?
0
Suppose -6*c - 16*c = -550. Suppose 31*w - c*w - 294 = 0. What is the remainder when w is divided by 19?
11
Suppose -7 - 3 = -3*q + j, 5*q + 3*j - 40 = 0. Let w = 29 - 66. Let v = w + 39. Calculate the remainder when q is divided by v.
1
Let k be (-24)/(-30)*(-30)/(-1). Let a = -4 + 8. What is the remainder when a*2/(k/75) is divided by 9?
7
Let c = 132 + -65. What is the remainder when c is divided by 19?
10
Let h = -4 - -11. Let y be ((-640)/24)/((-2)/6). Suppose y = -x + 5*x. What is the remainder when x is divided by h?
6
Let s be (3 + 88/(-40))/((-2)/60). What is the remainder when 95 is divided by 0 + 4 + -4 - s?
23
Let q = -393 - -398. Calculate the remainder when 23 is divided by q.
3
Suppose 2*a - 29 = -2*o + o, 4*o - 108 = -4*a. Calculate the remainder when o is divided by 5 - -2*(2 - 1).
4
Suppose -60 - 63 = -3*q. What is the remainder when (1 - (-1)/2)*(-462)/(-9) is divided by q?
36
Let s(k) = -k**3 + 8*k**2 + 11*k - 8. What is the remainder when s(-4) is divided by 11?
8
Let c(s) = -s - 1. Let t(v) = -74*v**3 - v**2 - 8*v - 7. Let w(d) = -6*c(d) + t(d). What is the remainder when w(-1) is divided by 11?
8
Let n be (-3 - -3)/3 + 0. Let z = 9 + n. What is the remainder when z is divided by 6?
3
Suppose k + 2*y - 44 = 0, -3*k + 7 = 2*y - 117. What is the remainder when k is divided by (-4)/18 - 195/(-27)?
5
Let m(x) = -x - 7. Let r be m(-6). Let j(k) be the first derivative of 19*k**3 - k**2/2 - k - 2. Calculate the remainder when j(r) is divided by 20.
17
Let j = -2 - -42. Suppose -15*x + j + 95 = 0. Calculate the remainder when x is divided by 4.
1
Let d(x) = -x**2 + 22*x + 178. Let h = 10 - -8. Calculate the remainder when h is divided by d(28).
8
What is the remainder when 76 is divided by (3 + 0 - 61)*(-15 + 14)?
18
Let p(i) = -i**2 - 5*i - 4. Let o be p(-3). What is the remainder when 2*-37*(1 - o) is divided by (-13)/(-13)*-1 + (-39)/(-1)?
36
What is the remainder when 305 is divided by 2134/198 + 3/54*4?
8
Let m(l) = 3*l**2 - l + 7. Let w be m(6). Suppose 2*q = -23 + w. Calculate the remainder when q is divided by 23.
20
Suppose -3*w - j + 92 = 63, -4*j + 6 = w. Let h = 3 + 1. Calculate the remainder when w is divided by h.
2
Suppose 0 = -2*q + 2*p + 44, 43 + 40 = 4*q - 3*p. Let i = 10 - 10. Let k = 6 + i. What is the remainder when q is divided by k?
5
Suppose -159 = -5*p - 94. Calculate the remainder when 35 is divided by p.
9
Suppose -19*h + 1453 = 446. Calculate the remainder when 85 is divided by h.
32
Let o(l) = 4*l**2 + 7*l + 48. Calculate the remainder when o(-6) is divided by 16.
6
Suppose -402 - 23 = k - 26*k. What is the remainder when k is divided by -1 - -1*(-7)/(-1)?
5
Let w(k) = k**2 + 34*k + 176. Calculate the remainder when 102 is divided by w(-6).
6
What is the remainder when 220 is divided by 51 - ((-4 - -6) + -10)?
43
What is the remainder when 343 - (58/(-14) - (-84)/(-98)) is divided by 70?
68
Suppose -3*x - 2*z - 6 = 0, -2*z - 4 = -3*x + 2. Suppose 8 = l + 1. What is the remainder when (-2 - x) + (-58)/(-2) is divided by l?
6
Let o be ((-2)/10)/1 - 79/5. Let t = o + 19. Calculate the remainder when 9 is divided by t.
0
Let n(q) = 144*q**2 - 69*q**2 - 72*q**2 + 1 + 2 - 7*q + 4. Let a(y) = -4*y - 2. Let k be a(-2). Calculate the remainder when n(k) is divided by 15.
13
Suppose 3*m - 4 = -13. Suppose 87*l - 52 = 85*l. Calculate the remainder when m/((-209)/103 - -2) is divided by l.
25
Let f be (6/(-1))/(3/2). Let r = f + -4. Let y = r - -21. Calculate the remainder when 25 is divided by y.
12
Let w = 243 - 195. Calculate the remainder when 93 is divided by w.
45
Let s = -145 + 242. Suppose -s = -5*k + 18. What is the remainder when k is divided by 13?
10
Let n = 241 - 211. Calculate the remainder when 57 is divided by n.
27
Suppose 4*q - 3*q = -4*g + 191, 4*q - 12 = 0. Suppose -l = 2*l + x - 550, 0 = 4*l + 3*x - 725. What is the remainder when l is divided by g?
44
Let i be 88/9 + 4/18. Suppose -i*x + 4*x = -288. What is the remainder when x is divided by 19?
10
Suppose 0 = 4*m - 20, -63 = -s + 21*m - 17*m. Calculate the remainder when 240 is divided by s.
74
Let u be 1/(-1) + 2 + 4. Suppose -w + 32 = -u*r, 2*w - 4*w = -2*r - 72. Calculate the remainder when w is divided by 14.
9
Suppose o - 12 = -0. Let x be 24/132 + (-1192)/22. Let k = -8 - x. What is the remainder when k is divided by o?
10
Let z(h) = -h + 70. Let c be z(0). Suppose p - c = -4*p. Calculate the remainder when 105/2 - (-3)/2 is divided by p.
12
Suppose -5*r + 38 = -27. Suppose 0 = -3*n + 2*k + 111, -2*k - 29 = -n + 12. What is the remainder when n is divided by r?
9
Let u = 1017 + -946. Wha